lculate the highest common factor of 9652 and 16.
4
What is the highest common divisor of 583 and 318?
53
Calculate the greatest common divisor of 250 and 270.
10
What is the highest common factor of 16 and 8992?
16
What is the highest common factor of 448 and 35?
7
Calculate the highest common divisor of 4988 and 116.
116
What is the highest common divisor of 15 and 15?
15
Calculate the greatest common factor of 768 and 24.
24
What is the highest common factor of 1216 and 38?
38
Calculate the highest common divisor of 48 and 1092.
12
What is the highest common divisor of 973 and 3475?
139
What is the greatest common divisor of 156 and 12?
12
Calculate the greatest common divisor of 806 and 62.
62
What is the greatest common factor of 3888 and 8?
8
Calculate the highest common divisor of 440 and 55.
55
Calculate the greatest common divisor of 77 and 14.
7
What is the highest common divisor of 160 and 940?
20
Calculate the greatest common divisor of 5811 and 39.
39
What is the highest common factor of 1599 and 39?
39
Calculate the greatest common divisor of 52 and 2080.
52
What is the greatest common divisor of 38 and 3401?
19
Calculate the highest common factor of 6 and 6459.
3
What is the greatest common factor of 740 and 2405?
185
Calculate the greatest common divisor of 13351 and 79.
79
Calculate the highest common divisor of 60 and 6405.
15
Calculate the greatest common factor of 78 and 208.
26
What is the highest common divisor of 5 and 115?
5
Calculate the highest common divisor of 4025 and 14.
7
Calculate the greatest common factor of 9 and 93.
3
Calculate the highest common factor of 112 and 13132.
28
What is the highest common factor of 295 and 5?
5
Calculate the greatest common divisor of 48 and 8604.
12
What is the greatest common divisor of 54 and 200?
2
Calculate the greatest common divisor of 209 and 190.
19
What is the highest common factor of 182 and 14?
14
Calculate the highest common factor of 152 and 475.
19
What is the greatest common factor of 56 and 28?
28
What is the greatest common factor of 18 and 3357?
9
What is the greatest common divisor of 351 and 429?
39
What is the highest common divisor of 64 and 1328?
16
Calculate the highest common factor of 162 and 102.
6
Calculate the greatest common divisor of 580 and 27695.
145
What is the highest common divisor of 2943 and 27?
27
Calculate the greatest common divisor of 222 and 8.
2
What is the greatest common divisor of 366 and 6?
6
What is the greatest common factor of 18 and 21690?
18
What is the highest common factor of 308 and 868?
28
What is the greatest common divisor of 90 and 190?
10
Calculate the greatest common factor of 231 and 525.
21
What is the highest common divisor of 56 and 96?
8
Calculate the greatest common divisor of 23861 and 321.
107
Calculate the greatest common divisor of 190 and 10.
10
What is the greatest common divisor of 158 and 16?
2
What is the greatest common divisor of 9 and 11133?
9
Calculate the greatest common divisor of 6784 and 265.
53
Calculate the greatest common factor of 7805 and 21.
7
What is the greatest common factor of 46 and 23?
23
Calculate the highest common factor of 21 and 33.
3
What is the greatest common divisor of 637 and 13?
13
Calculate the highest common divisor of 306 and 90.
18
Calculate the highest common factor of 47 and 1175.
47
What is the highest common divisor of 4061 and 262?
131
What is the greatest common factor of 123 and 533?
41
Calculate the highest common factor of 31 and 496.
31
What is the highest common divisor of 1136 and 96?
16
Calculate the highest common divisor of 7925 and 25.
25
Calculate the highest common factor of 17 and 1207.
17
What is the greatest common divisor of 93577 and 517?
517
What is the highest common divisor of 64 and 176?
16
What is the greatest common factor of 77 and 1573?
11
What is the greatest common factor of 2345 and 35?
35
What is the highest common factor of 13258 and 14?
14
What is the greatest common divisor of 1 and 139?
1
Calculate the greatest common factor of 1110 and 2.
2
What is the greatest common factor of 442 and 234?
26
Calculate the highest common divisor of 80 and 656.
16
Calculate the greatest common divisor of 93656 and 92.
92
What is the greatest common divisor of 374 and 110?
22
What is the greatest common factor of 510 and 2670?
30
Calculate the greatest common factor of 651 and 315.
21
Calculate the greatest common factor of 9688 and 28.
28
Calculate the greatest common divisor of 8 and 200.
8
Calculate the greatest common factor of 96 and 1696.
32
Calculate the highest common divisor of 13 and 169.
13
Calculate the greatest common divisor of 2945 and 1240.
155
What is the highest common factor of 91 and 28?
7
Calculate the highest common divisor of 582 and 6014.
194
Calculate the highest common divisor of 60 and 2040.
60
Calculate the greatest common divisor of 72 and 1920.
24
What is the highest common divisor of 936 and 3562?
26
Calculate the highest common divisor of 4005 and 18.
9
Calculate the greatest common divisor of 2954 and 7.
7
Calculate the greatest common divisor of 24 and 3348.
12
Calculate the highest common factor of 295 and 3068.
59
Calculate the highest common divisor of 5499 and 18.
9
Calculate the greatest common factor of 96 and 6.
6
What is the highest common divisor of 484 and 12?
4
Calculate the highest common divisor of 195 and 468.
39
What is the highest common divisor of 24 and 648?
24
Calculate the greatest common divisor of 94 and 7003.
47
What is the greatest common factor of 90 and 120?
30
What is the greatest common factor of 225 and 585?
45
Calculate the highest common factor of 18 and 26.
2
Calculate the highest common factor of 334 and 11189.
167
Calculate the greatest common divisor of 320 and 10304.
64
Calculate the greatest common factor of 7140 and 408.
204
Calculate the greatest common factor of 686 and 2.
2
Calculate the greatest common divisor of 2093 and 273.
91
What is the highest common divisor of 2881 and 134?
67
What is the highest common factor of 47 and 141?
47
Calculate the greatest common factor of 31 and 10943.
31
Calculate the highest common divisor of 16 and 384.
16
What is the highest common divisor of 24 and 198?
6
What is the highest common divisor of 689 and 260?
13
Calculate the greatest common divisor of 92 and 69.
23
What is the greatest common divisor of 4214 and 258?
86
Calculate the highest common factor of 36 and 172.
4
What is the highest common divisor of 33 and 187?
11
Calculate the highest common divisor of 23 and 161.
23
Calculate the highest common factor of 71398 and 58.
58
Calculate the highest common divisor of 1968 and 123.
123
What is the highest common divisor of 2250 and 342?
18
What is the highest common divisor of 24 and 606?
6
What is the greatest common divisor of 781 and 11?
11
Calculate the greatest common factor of 36 and 612.
36
Calculate the greatest common divisor of 133 and 63.
7
What is the greatest common factor of 256 and 1168?
16
Calculate the highest common factor of 648 and 24.
24
What is the greatest common divisor of 2093 and 182?
91
What is the greatest common divisor of 20 and 130?
10
Calculate the greatest common divisor of 22 and 5038.
22
Calculate the highest common divisor of 1088 and 612.
68
What is the greatest common divisor of 1639 and 1341?
149
What is the highest common factor of 2397 and 272?
17
Calculate the highest common factor of 1760 and 55.
55
Calculate the greatest common factor of 1161 and 27.
27
What is the greatest common divisor of 375 and 3?
3
What is the greatest common factor of 1173 and 102?
51
What is the greatest common divisor of 12 and 3372?
12
Calculate the greatest common divisor of 560 and 336.
112
Calculate the greatest common factor of 2187 and 81.
81
What is the highest common factor of 91 and 1547?
91
Calculate the highest common factor of 486 and 1350.
54
Calculate the greatest common divisor of 51 and 1513.
17
Calculate the highest common divisor of 38 and 1102.
38
What is the highest common divisor of 36 and 1500?
12
What is the highest common divisor of 214 and 2033?
107
Calculate the highest common divisor of 63 and 819.
63
Calculate the greatest common divisor of 170 and 595.
85
Calculate the highest c